 n - 5 = 0. Let r(w) = 38*w**2 + 5*w - 3. Let g be r(c). Calculate the greatest common divisor of g and p.
8
Let j be 7/((-147)/(-1080)) + (-16)/(-28). Suppose 0 = r + 4*t - t - 4, t = 5*r - j. What is the highest common divisor of r and 100?
10
Let f be (-2)/(2/(-3))*(111 - -1). Suppose -4*r + 308 = -2*x + 5*x, -4*r + f = -4*x. Calculate the highest common divisor of r and 16.
16
Suppose -40*k + 37*k + 432 = 0. Calculate the greatest common divisor of 48 and k.
48
Suppose 0 = 7*y - 1341 + 53. What is the greatest common factor of 23 and y?
23
Suppose 88 = 4*s + 4*p, 6*p - 3*p = -2*s + 45. Let i = s + 24. What is the greatest common divisor of i and 45?
45
Suppose 7*o = 2*o. Suppose o = -2*u + 4*u - 16. What is the highest common divisor of 72 and u?
8
Let h be (30/(-5))/((-6)/(-8)). Let r = 14 + h. Suppose 2*y + 40 = r*y. What is the highest common divisor of 30 and y?
10
Let y(t) be the second derivative of t**5/20 - 5*t**4/12 - 3*t**3 + 3*t**2/2 - 33*t. Let p be y(8). What is the greatest common factor of 68 and p?
17
Suppose -6 = -2*c - 60. Let i be (-14)/(-63) + ((-372)/c - 1). What is the greatest common factor of 117 and i?
13
Suppose 48*i + 342 = 54*i. What is the highest common factor of i and 19?
19
Let z(v) = 2*v**3 + 20*v**2 + 8*v - 6. Let q be z(-4). What is the highest common divisor of 66 and q?
22
Let d(p) = 5*p**2 + 4*p - 4. Suppose 0 = -7*q + 14. Let x be d(q). What is the greatest common factor of 192 and x?
24
Suppose 0 = 6*c - c. Suppose c = -t + 2*x + 4, 33 = 3*t - 2*x + 9. Calculate the greatest common divisor of 10 and t.
10
Let k be (-1)/(1/(-1)) - -12. Suppose -6*m - 130 = -442. Calculate the greatest common factor of k and m.
13
Suppose 106*h = 104*h - 6, 5*q + 2*h = 174. Let a(g) = -39*g**3 - g**2. Let l be a(-1). Let f = 62 - l. What is the highest common factor of q and f?
12
Let x be (-1 - (-1 + 1))*-2. Suppose -x*c = 3*c + 5. Let r be (1 + (1 - c))*12. What is the greatest common divisor of 90 and r?
18
Let i = -12 + 16. Suppose -8 = -3*u + f, 0*f + 5*f = -i*u - 2. Let h = u - -2. What is the highest common factor of 4 and h?
4
Suppose -13*u + 14*u = 50. Suppose -u + 8 = -6*z. Calculate the greatest common factor of 14 and z.
7
Let y be -4*(-8)/7*7. What is the greatest common factor of 176 and y?
16
Suppose 0 = -2*u + 11*u + 486. Let a = -36 - u. What is the greatest common divisor of 126 and a?
18
Let a = -150 + 193. What is the greatest common factor of a and 215?
43
Suppose 0 = 121*k - 119*k - 440. Calculate the greatest common factor of k and 88.
44
Suppose -3*k = -48 - 0. Suppose k = -g + 2*g. Calculate the highest common divisor of g and 24.
8
Suppose -j + 30 = -0*j. Let h(d) = 7*d**2 - 63*d - 30. Let l be h(10). What is the highest common factor of l and j?
10
Let z(w) = w**2 - w - 11. Let c be z(-12). Let n = c - 85. What is the highest common factor of n and 90?
30
Let i be (-732)/(-48) + 1/(-4). Calculate the greatest common factor of i and 105.
15
Let z be 4500/(-27)*12/(-16). Calculate the greatest common divisor of 50 and z.
25
Let u be (-24)/(-3) + (-15)/(-5). Calculate the highest common divisor of 143 and u.
11
Let q(v) = 6*v + 2. Let a = -6 - -8. Let f be q(a). What is the greatest common factor of 35 and f?
7
Suppose 8*k - 175 = -95. What is the greatest common divisor of k and 95?
5
Let n = 72 - 38. Let d(b) = b**2 - 5*b + 4. Let q be d(5). Suppose a = -4*t + 5*a + 268, -q*t + 277 = 5*a. What is the greatest common factor of t and n?
34
Suppose -v = -20 - 15. Suppose 5*b = -s + 30, s - b + 15 = 3*b. Calculate the greatest common factor of s and v.
5
Suppose -109*r = -117*r + 1872. Let p(v) = 4*v**2 + 4*v + 2. Let q be p(-3). What is the greatest common factor of r and q?
26
Let m = 173 - -30. Calculate the greatest common factor of 29 and m.
29
Let k(u) = 131*u + 293. Let d be k(7). What is the highest common divisor of 10 and d?
10
Suppose 0 = -7*r + 42 + 42. What is the highest common factor of 732 and r?
12
Suppose 3*g = 15, 29 = 3*a - a + g. Calculate the greatest common factor of 27 and a.
3
Let c(f) = -f**3 + 28*f**2 - 44*f + 77. Let k be c(24). What is the greatest common divisor of k and 25?
25
Let c = 240 - 232. Calculate the greatest common factor of c and 1.
1
Suppose -z = z - 2. Let o be z*((3 - -2) + 4). Let p(q) = q**2 - 9*q + 8. Let k be p(o). Calculate the highest common divisor of k and 4.
4
Suppose 5*l + 89 = -7*q + 11*q, -5*q + 2*l + 90 = 0. Calculate the highest common factor of q and 136.
8
Let o(u) = -u - 2. Let g be o(4). Suppose -5*s - 90 - 156 = -2*i, -148 = 3*s - i. Let b be s/(-18) + g/(-27). Calculate the highest common divisor of 33 and b.
3
Let k = -5 - -41. Suppose -36*y + 39*y - k = 0. Let p(x) = 2*x**3 - 6*x**2 + x + 3. Let v be p(5). What is the highest common factor of y and v?
12
Let r be (-10)/(2 - 4/1). Let v = 19 - 12. Let h be (-18)/42 - (-248)/v. Calculate the highest common divisor of r and h.
5
Suppose 0 = -3*o - 0*o - 60. Let b = -27 - o. Let c(q) = q**3 + 8*q**2 + 6*q - 4. Let v be c(b). Calculate the highest common factor of 21 and v.
3
Suppose 8*u = 1782 + 666. Calculate the highest common divisor of u and 34.
34
Suppose -4*h - 3*k = -684, 19*h + 5*k - 188 = 18*h. What is the highest common factor of h and 273?
21
Let n(k) = 8*k + 6. Let j(m) = 9*m + 5. Let s(c) = 5*j(c) - 4*n(c). Suppose d = -3*d + 4. Let z be s(d). Calculate the greatest common divisor of z and 112.
14
Let p = 743 + -306. What is the highest common divisor of p and 38?
19
Let i = 18 + -10. Let a be 5 + (-102)/21 + (-55)/(-7). What is the greatest common divisor of a and i?
8
Let p(c) = -14*c - 84. Let q be p(-6). Suppose q = o - 19 + 4. Calculate the greatest common divisor of 165 and o.
15
Suppose 5*y + m = 303, 3*y - 143 - 25 = 4*m. Suppose -1036*o + 1011*o = -600. Calculate the highest common factor of o and y.
12
Let z = 332 - 276. Calculate the highest common divisor of 280 and z.
56
Let j(w) = -w**3 - 2*w**2 + 2*w. Let t be j(-3). Suppose 0 = t*z - 143 - 1. Let n be ((-18)/21)/((15/252)/(-5)). What is the highest common divisor of n and z?
24
Let u be 4*2*(-18)/(-16). Suppose 4*w = 2*f, 3*w + 0*f - 2 = f. Let v = u + w. Calculate the greatest common divisor of 22 and v.
11
Suppose 0*r - 11*r + 605 = 0. Let k be 0*(2 - 1)/1. Suppose -4*h + 11 + 33 = k. What is the highest common factor of r and h?
11
Suppose -1 = -3*d - 13, 2*d + 72 = 4*g. Suppose 0*x - 372 = 2*j + 2*x, 4*j + 742 = -2*x. Let h = -105 - j. Calculate the greatest common factor of g and h.
16
Suppose -2*p + 2 + 1 = -5*t, -t - 42 = -5*p. Calculate the highest common factor of p and 180.
9
Suppose -135 = -5*r + 5*l, -r - 5*l + 9*l = -30. Suppose -4*x = i - 280, 163 - 958 = -3*i - 3*x. What is the greatest common divisor of i and r?
26
Let g = -16 + 19. Suppose g*o = 66 - 27. Let r(i) = 2*i - 12. Let q be r(o). Calculate the highest common divisor of q and 2.
2
Let t = 1326 + -1284. Calculate the greatest common factor of 77 and t.
7
Let r(q) = -9*q + 11. Let f be r(-3). Calculate the greatest common factor of f and 190.
38
Let z(t) = t + 6. Let v(w) = w + 5. Let p(o) = 3*v(o) - 2*z(o). Let f be p(9). Calculate the greatest common divisor of f and 12.
12
Let p be ((-1)/(-3))/((-1)/30). Let x(z) = 4*z + 52. Let b be x(p). Calculate the highest common factor of b and 240.
12
Let a(r) = 12*r**2 - 4*r - 4. Let i(w) = w + 4. Let t be i(-5). Let s be a(t). Calculate the highest common factor of 24 and s.
12
Let l = 54 - 22. Suppose 5*w = 10*j - 6*j - 31, -2*j + 11 = -w. Calculate the highest common factor of l and j.
4
Suppose -5*u + 0 - 40 = 0. Let o be (0 - -48) + u/2. Suppose -z + 3*z - o = 0. What is the highest common factor of z and 198?
22
Let q = 95 - -94. Suppose q + 36 = 5*i. What is the highest common divisor of 18 and i?
9
Suppose 238 + 182 = 42*b. What is the greatest common divisor of b and 155?
5
Suppose -3*m - j = -134, -10 + 102 = 2*m - 2*j. Let l = m - 26. What is the greatest common divisor of 209 and l?
19
Let a(c) = 5*c**2 - 10*c - 4. Let r be a(-8). Suppose 0 = s + 2*s + w - 103, -5*w = -2*s + 97. What is the greatest common divisor of s and r?
36
Let r(z) = z**2 - 8*z + 6. Suppose -5*y - 2 = -42. Let o be r(y). Suppose 4*q - 2*q - 12 = 0. Calculate the highest common factor of o and q.
6
Le